5
-434434144
What is 38941 (base 13) in base 15?
210dd
Convert 1ab29 (base 12) to base 14.
1062d
Convert -100001100110101100010011 (base 2) to base 13.
-1a95886
What is 222c9b3 (base 13) in base 16?
9feecd
Convert a7402 (base 12) to base 3.
102011211102
What is 4120330 (base 5) in base 3?
10101212012
2003213 (base 4) to base 11
6368
Convert -18cbc (base 15) to base 11.
-55534
What is -7237582 (base 9) in base 4?
-32233032122
Convert 475304 (base 9) to base 5.
33123030
What is 3614613 (base 7) in base 12?
1a0b76
2113123023 (base 4) to base 6
21143243
Convert 1325708 (base 9) to base 13.
1c555a
14111101 (base 5) to base 3
21100020211
What is -812a8 (base 15) in base 10?
-408983
-7004613 (base 9) to base 13
-a04a72
Convert -41204433 (base 5) to base 16.
-51c91
Convert -15432663 (base 8) to base 12.
-1233b57
4334012 (base 11) to base 6
431143321
What is -a8a91 (base 13) in base 7?
-2410124
Convert 1046762 (base 8) to base 11.
182a43
-2205879 (base 13) to base 14
-154d345
408541 (base 10) to base 15
810b1
2016310 (base 7) to base 8
724447
Convert -100101111100110 (base 2) to base 3.
-222122122
-1a2139 (base 16) to base 4
-12202010321
Convert 1ad218 (base 14) to base 11.
5a48a3
What is 1d0aad (base 15) in base 6?
50233401
-7bc8 (base 14) to base 2
-101010000100100
What is 761076 (base 8) in base 11?
164258
Convert -6615035 (base 8) to base 14.
-343405
12203312113 (base 4) to base 7
20421466
What is -26301221 (base 8) in base 13?
-12a50a9
What is 11244a (base 11) in base 8?
535314
What is -341511 (base 8) in base 2?
-11100001101001001
Convert -50664 (base 7) to base 8.
-30071
Convert a5081 (base 16) to base 10.
675969
-22740a (base 16) to base 9
-4221261
Convert -1243515 (base 8) to base 4.
-1110131031
-546612 (base 11) to base 6
-30411320
What is -18fe48 (base 16) in base 9?
-3065765
-122012530 (base 6) to base 11
-1355129
-3107746 (base 9) to base 7
-20046660
Convert -1454273 (base 8) to base 14.
-ab815
What is -5353620 (base 7) in base 13?
-19aa06
Convert 823614 (base 9) to base 8.
1671410
What is -4463104 (base 8) in base 7?
-13151351
14023012 (base 5) to base 6
3014333
Convert 110111001011010000 (base 2) to base 7.
1630615
21021211110011 (base 3) to base 8
16616672
Convert 264782 (base 13) to base 7.
10565651
Convert -12787601 (base 9) to base 12.
-21479b4
What is -3014022 (base 9) in base 2?
-110000111100011101100
-22aa8 (base 14) to base 6
-1450512
2810964 (base 11) to base 3
100010021021202
What is 2005132 (base 6) in base 14?
265c4
Convert -12011220122 (base 3) to base 9.
-164818
What is 2415525 (base 7) in base 8?
1127332
Convert 57866 (base 12) to base 7.
665061
Convert 1211b4 (base 15) to base 6.
30305454
c7793 (base 16) to base 3
1112111202212
-4b0b4 (base 15) to base 8
-724262
What is 10011010101010101111 (base 2) in base 7?
5245665
Convert 135674 (base 12) to base 8.
1162170
11111001011010100100110 (base 2) to base 6
451101114
Convert -12100230 (base 5) to base 10.
-112565
What is f8e9b (base 16) in base 9?
1823500
What is 3ea3aa (base 16) in base 4?
33222032222
Convert 41147 (base 14) to base 6.
3205151
-1829439 (base 10) to base 11
-103a537
Convert -10000022000101 (base 3) to base 6.
-54144101
-221536 (base 8) to base 11
-5104a
What is -77c6d (base 14) in base 5?
-33244234
1165a3 (base 14) to base 10
593827
What is 11200313321 (base 4) in base 8?
5406771
What is -1500876 (base 10) in base 5?
-341012001
What is -70208 (base 10) in base 5?
-4221313
What is -13323012 (base 5) in base 15?
-2a472
What is -1155143 (base 7) in base 8?
-441440
What is -5add5 (base 16) in base 4?
-1122313111
-230876 (base 10) to base 2
-111000010111011100
-11100000001101111111 (base 2) to base 10
-918399
What is 11000220222 (base 3) in base 14?
20d1c
4140400 (base 5) to base 12
33595
What is -b212 (base 15) in base 10?
-37592
1232111220 (base 4) to base 7
3561423
345234 (base 6) to base 7
152356
What is 10000111111011011001110 (base 2) in base 3?
22101021212110
42256551 (base 8) to base 4
202111311221
Convert 10110001111000001010 (base 2) to base 15.
e5d26
-5351044 (base 8) to base 14
-293228
Convert -8573b (base 12) to base 15.
-37058
What is 112110300 (base 5) in base 12?
203695
37a1893 (base 11) to base 2
11001001001000110000011
Convert 8b214 (base 12) to base 8.
551560
49b47 (base 13) to base 3
20220110122
22002222200 (base 3) to base 9
262880
Convert -21ff8 (base 16) to base 6.
-2552412
Convert 2620332 (base 7) to base 4.
1103101320
What is -320121313 (base 5) in base 4?
-11011113210
1101012202100 (base 3) to base 14
150d0d
14132450 (base 6) to base 15
96d20
What is 60074 (base 10) in base 7?
340100
211012323 (base 5) to base 13
24892a
What is -b25501 (base 14) in base 8?
-26725455
Convert 2101001222122 (base 3) to base 9.
2331878
What is -b846ab (base 14) in base 4?
-113302120233
531144 (base 13) to base 15
286280
What is 1000010101001101101 (base 2) in base 6?
5503525
Convert 44a9223 (base 11) to base 2.
11110000110000011010000
-de8c03 (base 15) to base 13
-2276601
230040 (base 5) to base 4
1333101
-50d3a5 (base 15) to base 8
-16517054
310660 (base 7) to base 8
147646
Convert 16679a0 (base 11) to base 6.
140442405
110101101100110100001 (base 2) to base 8
6554641
Convert -10890524 (base 10) to base 3.
-202111021222202
-1030652 (base 10) to base 7
-11521550
1604038 (base 9) to base 3
1200011001022
What is 113344332 (base 6) in base 9?
4004422
-c6097 (base 14) to base 3
-220021010111
-10011110011000000101 (base 2) to base 13
-199369
Convert -1b244 (base 12) to base 7.
-224602
What is 13403501 (base 7) in base 13?
3478a9
Convert -210020112201 (base 3) to base 13.
-118408
-309668a (base 11) to base 9
-11234182
Convert ac537 (base 14) to base 6.
12543421
243424433 (base 6) to base 15
61dce9
Convert -1211222330 (base 4) to base 12.
-180bb8
What is -231320331 (base 4) in base 8?
-557075
What is -10000021220011 (base 3) in base 16?
-186a4e
Convert 2000022222 (base 3) to base 8.
115270
-414123 (base 8) to base 9
-228304
1045234111 (base 6) to base 7
166222015
2101323322 (base 4) to base 15
bc1a4
Convert 2a61d4 (base 15) to base 7.
23250031
1001222121 (base 3) to base 14
79b4
264507 (base 13) to base 15
1339cc
-759a14 (base 12) to base 2
-111000110101101110000
What is -c09c2 (base 15) in base 11?
-38709a
What is 12564134 (base 8) in base 5?
1204440441
What is -10010000010001011 (base 2) in base 7?
-425233
Convert 1208186 (base 9) to base 3.
1020022012220
Convert 100000110101001000 (base 2) to base 14.
37012
Convert -1022210120121 (base 3) to base 8.
-2540173
-1000011000010110001 (base 2) to base 13
-97cba
What is 153503005 (base 6) in base 3?
20010120020012
What is -74e33 (base 16) in base 7?
-4032556
42c851 (base 16) to base 10
4376657
Convert -24506222 (base 8) to base 4.
-110220302102
Convert 110110111110001110111 (base 2) to base 11.
1020408
-302884 (base 10) to base 11
-19761a
Convert -11123133121 (base 4) to base 2.
-101011011011111011001
11c639 (base 13) to base 9
721105
What is 13223455 (base 8) in base 10?
2959149
Convert 622c7 (base 14) to base 9.
400434
What is 5652516 (base 9) in base 8?
13475446
-3461240 (base 8) to base 12
-3956a8
What is -58613 (base 10) in base 3?
-2222101212
Convert 2b511 (base 14) to base 16.
1a5eb
-4200347 (base 8) to base 6
-35514555
-2021103230 (base 4) to base 11
-354604
What is 101001021221122 (base 3) in base 9?
11037848
-204562 (base 10) to base 8
-617422
-1111000100010001101001 (base 2) to base 5
-2002342143
What is 396006 (base 11) in base 6?
21203510
-1311301301 (base 4) to base 10
-482417
Convert 45441 (base 6) to base 14.
24b7
Convert a33ac5 (base 15) to base 13.
17b8356
Convert 530245101 (base 6) to base 13.
1bc294a
Convert -1159294 (base 10) to base 6.
-40503034
Convert -280547 (base 9) to base 11.
-107556
Convert 73468 (base 13) to base 15.
4163a
Convert 2645277 (base 8) to base 15.
e9406
Convert 140462 (base 12) to base 16.
5128a
Convert -11131312 (base 4) to base 10.
-22390
-751680 (base 11) to base 7
-13136302
12a777 (base 13) to base 14
ba85c
What is c470a6 (base 15) in base 10?
9338781
523976 (base 10) to base 12
213288
12c427 (base 16) to base 5
303323423
Convert -101010001111001001100 (base 2) to base 3.
-2121022111201
What is -84352 (base 10) in base 16?
-14980
Convert -3411231 (base 5) to base 4.
-32